 - 9 = 0. Let u(m) = 2*m + 11. What is u(h)?
-9
Let j(u) = u**2 + 9*u**2 - 1 - u**3 + 2*u - 9*u**2. Give j(2).
-1
Suppose -h + 4 = 0, 2*o = 3*o - 5*h + 18. Let p(x) = 6 + 2*x**3 - x**3 + 7*x**2 - x**o + x. Determine p(-6).
0
Let d(b) = b**3 - 3*b**2 - 3. Let x(v) = v**2 + v**2 - 8*v - 3*v**2 + 12. Let l be x(-9). Give d(l).
-3
Let h be ((-10)/4)/((-1)/2). Let r = h + -7. Let f(i) = -1 - 9*i - 4*i**2 - 2 + 14*i + 5*i**2 - 7*i. Give f(r).
5
Let v(k) = k**2 + 6*k - 7. Let g be v(-7). Let a(y) = 1 - 2*y**2 + 0*y**2 + g*y**2 - 3*y**2. Determine a(1).
-4
Let c = 40 - 38. Let l(r) = r - 4. Let z be l(6). Let w(t) = -z*t**2 + 2 + 3*t - 3 - t**2. Determine w(c).
-7
Let p be 2*(-1)/6*-9. Let x(k) = -4*k - p + 0*k - k. Determine x(-2).
7
Let m(a) be the second derivative of a**4/12 + a**3/3 - a**2/2 + 3*a. Give m(-4).
7
Let d = -6 - -9. Let t be (1 - 9/d)*-1. Let y(o) = 3*o**2 - 1 - 2*o + t*o + 3*o**3 - 2*o**2. Determine y(-1).
-3
Let f(d) = -2*d**2 + d - 1. Let b be f(1). Let x be -2 - (22/b + -2). Let y(k) = -x - 8*k - 5*k**2 + 4*k**2 + 5. Determine y(-5).
9
Let f(d) = -2*d**2 - 4*d - 1. Let y(j) = -5*j**2 - 11*j - 4. Let t(w) = -8*f(w) + 3*y(w). Determine t(4).
8
Let x(z) = z**2 + 6*z - 2. Let j = 14 + -21. Give x(j).
5
Suppose -4*z - 2*x - 24 = 0, 20 = -2*z + x - 6*x. Let l(v) = v**3 + 5*v**2 - 6. What is l(z)?
-6
Let h(t) = -3*t + 6. Let g(m) = -5*m + 12. Let k(p) = -4*g(p) + 7*h(p). Give k(-7).
1
Let o(a) be the third derivative of 0*a + 7*a**2 - 1/120*a**6 - 1/12*a**5 + 0 - 2/3*a**3 - 5/24*a**4. Give o(-4).
0
Let t be (-4)/(-18) - (-16)/9. Let u(c) = 2*c - 9*c**2 + 5*c**2 + 5*c**2 - 3. Determine u(t).
5
Let h = 12 - 7. Let b(n) = -3*n**3 - 7*n**2 + 6*n. Let f(l) = -3*l**3 - 6*l**2 + 5*l. Let u(t) = h*f(t) - 4*b(t). Determine u(1).
-4
Let s(r) = r**3 - 4*r**2 + r - 1. Let i be (1 + 0)/(1/7). Suppose 6 = 2*l, l = 4*a - 2*l - i. What is s(a)?
3
Let i(u) = 6*u + 3. Let n be 10/45 - (-20)/(-9). Determine i(n).
-9
Let a(d) be the third derivative of d**6/120 + d**5/10 - d**4/4 + 3*d**3/2 + d**2. Let y be a(-7). Let z(n) = 3*n + n**y + 3*n - 5*n + 0*n + 1. Determine z(0).
1
Let f(c) = -c**3 + c**2 - c + 1. Let m(u) = 3*u**3 - 8*u**2 + 9*u - 3. Let h(w) = 2*f(w) + m(w). Suppose 2*t - 12 = -2. Calculate h(t).
9
Let n(j) = -4*j. Let z(v) = 3*v + 1. Let s(u) = 4*n(u) + 5*z(u). Let b be s(12). Let t = 2 + b. Let o(m) = -m**3 - 4*m**2 + 8*m + 7. Calculate o(t).
-8
Let f(n) = n + 1. Let i(d) = -2*d - 2. Let v(a) = f(a) + i(a). Let u(o) = -6*o - 10. Let b(w) = -u(w) + 8*v(w). What is b(-2)?
6
Let l(d) = 0*d + 2*d - 4 - d. Let n(o) = -2*o - 5. Let c be n(-4). Let i = 3 - c. Determine l(i).
-4
Let h(t) = t**3 - 2*t**2 - 3*t + 4. Suppose -18 - 3 = -3*g. Let u = -5 + g. Let z be 3/(0 + u - 1). Calculate h(z).
4
Let a(i) = -i**3 - 5*i**2 + 5*i - 5. Let b(g) = -4*g - 18. Let x be b(-3). Determine a(x).
1
Let y(a) = -a**3 + 6*a**2 + a + 7. Let f be 132/21 - 4/14. Give y(f).
13
Let f(i) = i + 2. Let s be f(-7). Let n(p) = -4*p**3 + 2*p**2 - 7*p - 5. Let b(j) = j**3 - j**2 + j + 1. Let t(w) = s*b(w) - n(w). Determine t(4).
-8
Let d(y) = -y + 4. Let k be 0 + 4*(-1)/(-2). Suppose 0 = -5*s + l - k*l, -4*l = -3*s. Determine d(s).
4
Suppose 3*c - 14 - 7 = 0. Let s(q) = c*q - 5*q + 0*q. Give s(2).
4
Suppose k + 3 = 8. Let z(u) = -u - 1. Let r(s) = -s. Let m(n) = -2*r(n) + z(n). Give m(k).
4
Let w(a) = -3*a - 2*a + a**2 + 2*a + 4*a - 1 + 5*a**3. What is w(1)?
6
Let o(j) = -6 - 3*j**2 - 2*j + 3*j**3 + 2 - 2*j**3. What is o(3)?
-10
Let d(g) be the third derivative of g**5/60 + g**4/12 - g**3/2 - 18*g**2. Give d(-3).
0
Let x = 0 - -2. Let o(k) = 3*k**x + k**3 - 6 - k + 6. Give o(-3).
3
Let c = 98 + -92. Let k(m) = m**3 - 6*m**2 - m + 1. Determine k(c).
-5
Let t(c) = -4*c**2 + 2*c - 1. Let q(x) = x**2. Let f(p) = -5*q(p) - t(p). Let l(m) be the first derivative of f(m). Determine l(-5).
8
Suppose -2*z - 4*i - 20 = 0, -4*z + 12 = -2*i + 2. Let t(j) be the third derivative of -j**6/120 + j**5/60 + 2*j**3 - 91*j**2. Give t(z).
12
Let k(i) = i + 7. Let o(t) be the third derivative of -t**6/24 - t**5/60 - 5*t**2. Let b = -1 + 2. Let g be o(b). What is k(g)?
1
Let d(n) be the third derivative of -n**4/12 - n**3/3 + n**2. Let c be (2/4)/((-3)/24). What is d(c)?
6
Let q(u) = 100 + 3*u - 97 + 0*u - 2*u. Determine q(-4).
-1
Suppose -5*y + 7 = -4*t, -t - 5*y + 4*y + 5 = 0. Suppose 5*z = 3*d - t, -1 = 4*z + 3. Let u(p) = -6*p**2 - p - 1. What is u(d)?
-6
Let w(k) = k**2 + 6*k - 2. Suppose -n - 3*b = 12, 0 = -3*n + 2*b - 2 + 10. Suppose 3*d = 4*i - 22, 3*d + n = -4*i - 14. Give w(d).
-2
Suppose 0 = -4*w + w - 9. Let j(z) be the second derivative of -z - 3/2*z**2 - 1/12*z**4 + 0 - 1/3*z**3. Give j(w).
-6
Suppose 21*n - 4 = 17*n. Let d(f) = -12*f**3 + f**2. Give d(n).
-11
Let r(s) = -s**3 + 11*s**2 - 6*s - 1. Let j be r(10). Suppose 5*f + 4 - j = 0. Let p(h) = h**2 - 6*h - 6. Calculate p(f).
1
Let k(w) be the third derivative of -w**6/120 + w**5/60 + w**4/12 + w**3/6 - 5*w**2. Let d be (-6)/(-2) + (3 - 4). Determine k(d).
1
Let p(l) = -3*l**2 - 7 + 3*l**3 - l - 2*l**3 + 3 + 2. Determine p(3).
-5
Let w(n) = 11*n**2 - 1. Let u be w(-1). Let v(c) = -1 + 16*c + 4*c**3 - 4*c**2 - u*c - 3*c**3 - 2*c**3. What is v(-5)?
-6
Suppose -3*y = -23 - 7. Let f = y - 6. Let m(l) be the third derivative of l**5/60 - l**4/6 + l**3/3 - l**2. Determine m(f).
2
Suppose -j + 0*j = -4. Let u be (2 - 6/j)*10. Let o(v) be the third derivative of v**5/60 - v**4/6 + v**3/3 + 4*v**2. What is o(u)?
7
Let s(n) = -2*n - 1. Let k(f) = 13*f + 10. Let q(p) = -4*p - 3. Let l(w) = 2*k(w) + 7*q(w). Let z(b) = 2*l(b) - 3*s(b). What is z(-1)?
-1
Suppose -7 = s + 3*b, 4*b = -0*b - 8. Let a(n) = 7*n**3 + 2*n + 1. Calculate a(s).
-8
Let t(o) = 2*o**3 - o**3 + o - 3*o**3 + 3*o**3 + 2*o**2 + 2. Calculate t(-2).
0
Let i be (-6)/4*(-10)/15. Let s(c) = -11*c**2 - 2*c - 3. Let g(o) = 7*o**2 + o + 2. Let n(k) = 8*g(k) + 5*s(k). What is n(i)?
0
Let j(x) = -6*x + 4. Let v(s) = -11*s + 8. Let c(n) = -7*j(n) + 4*v(n). Calculate c(-3).
10
Suppose 0 = 4*l - 2*l - 26. Let n(u) = -u**2 + 13*u - 4. Determine n(l).
-4
Let k(s) = 7*s + 11. Let i(g) = 2*g + 3. Let w(l) = 22*i(l) - 6*k(l). What is w(6)?
12
Suppose w - 6*w = 25. Let t(r) = -r**3 - 5*r**2 + r + 6. Give t(w).
1
Let z(t) be the third derivative of -t**6/20 + t**3/6 + t**2. Give z(-1).
7
Suppose 8*s - 6 = 7*s. Let x(v) = -6*v**3 + 8*v**2 - 3*v - 4. Let p(o) = -7*o**3 + 9*o**2 - 3*o - 5. Let q(n) = s*x(n) - 5*p(n). What is q(2)?
-1
Let f(l) be the first derivative of l**4/4 + 3*l**3 + 4*l**2 - 3*l + 14. Give f(-8).
-3
Let c(k) = k**2 - 5*k - 6. Suppose 0*d = 2*d - 16. Let n = d - 2. Determine c(n).
0
Let d(h) = 2*h + 1. Let q(c) = -c**3 - 4*c**2 - 2*c - 6. Suppose 0 = -0*t + 4*t - 12. Suppose 4 = t*j - 4*j. Let g be q(j). Determine d(g).
5
Suppose -5*d - w + 19 = 0, 2 - 9 = -2*d - w. Let b(c) = c**3 + c**2. Let y(n) = 4*n**3 + 10*n**2 - n - 4. Let m(j) = 5*b(j) - y(j). What is m(d)?
-8
Let f = 20 - 25. Let w(p) = -p - 2. What is w(f)?
3
Let a(z) be the second derivative of 3*z**5/10 + z**4/6 + z**3/6 + z. Suppose 5 = -2*n + 3. Give a(n).
-5
Let d = 6 + -1. Let b(i) = -16*i + 3. Let k(a) = -11*a + 2. Suppose -4*y + 8 = -0*w - w, 0 = 5*w + 5*y + 40. Let j(x) = d*b(x) + w*k(x). Determine j(-1).
-9
Let o(j) be the second derivative of j**3/6 - 9*j**2/2 - 7*j. Determine o(8).
-1
Let h(k) be the third derivative of 0*k**3 - 2*k**2 + 1/8*k**4 - 1/120*k**5 + 0 + 1/360*k**6 + 0*k. Let f(t) be the second derivative of h(t). Give f(-2).
-5
Let k(r) = -3*r**3 + r**2 + 3*r - 2. Let m(l) = -l**3 - 10*l**2 - l - 8. Let b be m(-10). Give k(b).
-16
Let s(i) = i**2 + 4*i. Let u(r) be the third derivative of -r**5/30 - r**4/6 - r**3/2 + 2*r**2. Let j be u(-2). Calculate s(j).
-3
Let t(c) = 8*c - 1. Let d(l) = l - 2. Let s be d(-5). Let n = s - -14. Suppose -n = -5*z - 2. Give t(z).
7
Let c(t) be the first derivative of -t**4/4 - 4*t**3/3 - t**2 - 5*t + 14. Calculate c(-4).
3
Let z(g) be the second derivative of g**3/6 - g**2/2 + 2*g. Let y be (0 + -2 - 3)*-1. Let u be 0 + (-1 - (1 - y)). Determine z(u).
2
Let w be 8/(-16) + (-2)/(-4). Let q(h) = -h**2 + 2. Calculate q(w).
2
Let k(r) be the first derivative of -1/2*r**2 + 3 + 0*r**3 + 1/4*r**4 + 4*r. Calculate k(0).
4
Let m(s) = -s**2 - 12*s - 14. Let y be m(-10